culate p(-4).
888
Let w(u) = 6*u**2 - 521*u - 15284. What is w(110)?
6
Let p(i) = -35*i**2 + 349*i - 672. Calculate p(2).
-114
Let d(c) = -98*c**2 + 1598*c + 19056. Calculate d(-8).
0
Let f(y) = y**3 - 35*y**2 - 637*y + 10631. Give f(44).
27
Let j(p) = -p**3 - 1481*p - 9090. Give j(-6).
12
Let l(j) = -3*j**3 - 1676*j**2 + 578*j + 10620. Determine l(-559).
-1
Let t(z) = 5*z**3 - 194*z**2 + 1839*z - 512. Calculate t(23).
-6
Let w(i) = 34*i**3 + i**2 - 12*i - 53. Calculate w(-3).
-926
Let l(t) = -2*t**2 + 60*t + 2761. Calculate l(-25).
11
Let c(p) = -9*p**2 + 142*p - 728. Calculate c(5).
-243
Let n(v) = -10*v**3 - 36*v**2 - 55*v + 130. Give n(-7).
2181
Let x(n) = -149*n**2 + 213*n + 1293. Calculate x(-6).
-5349
Let j(q) = -922*q - 19722. Calculate j(-19).
-2204
Let k(f) = 22*f**2 - 676*f - 12849. Give k(44).
-1
Let a(o) = 3*o**3 - 37*o**2 + 297*o - 932. Determine a(5).
3
Let w(q) = q**2 + 4084*q - 337342. Give w(81).
23
Let i(s) = -20*s**3 - 419*s**2 - 41*s - 1241. Calculate i(-21).
61
Let g(z) = -z**3 + 187*z**2 + 17334*z - 396. Calculate g(-68).
12
Let m(b) = -b**3 - 25*b**2 - 69*b + 363. Calculate m(-21).
48
Let v(o) = -136913*o + 2327548. Determine v(17).
27
Let y(l) = l**2 + 102984*l - 4223964. What is y(41)?
61
Let o(f) = -24941*f + 19104800. Determine o(766).
-6
Let g(w) = -29*w**3 + 4465*w**2 - 192*w + 53287. Determine g(154).
3
Let g(u) = -u**3 - 32*u**2 - 375*u - 12602. Determine g(-32).
-602
Let z(i) = -2995*i + 2312197. What is z(772)?
57
Let h(f) = -20*f**2 + 2683*f + 2451. Give h(135).
156
Let p(c) = -2935*c + 32410. Calculate p(11).
125
Let z(q) = 397*q**3 + 6*q**2 - 39*q - 44. Determine z(-1).
-396
Let b(n) = -n**3 - 122*n**2 - 2228*n - 289218. What is b(-123)?
-45
Let c(g) = -2668*g - 1184622. Give c(-444).
-30
Let x(a) = -2947*a + 106050. Determine x(36).
-42
Let q(x) = 18362*x + 477534. What is q(-26)?
122
Let o(l) = 775*l**3 - 794*l**2 - 795*l - 2. Give o(-1).
-776
Let a(y) = -2*y**3 - 991*y**2 - 2363*y + 50286. Determine a(-493).
0
Let k(d) = -147*d**2 - 538*d + 932. Calculate k(-5).
-53
Let n(u) = u**3 + 54*u**2 + 241*u + 280. Determine n(-49).
476
Let v(s) = -2703*s + 13513. Determine v(5).
-2
Let v(t) = -t**3 + 10*t**2 - 730*t + 6568. Determine v(9).
79
Let m(t) = -5*t**3 - 439*t**2 - 163*t + 16132. Determine m(-87).
37
Let w(t) = t**3 - 246*t**2 + 3744*t - 14645. Give w(230).
75
Let g(b) = b**2 - 316*b + 17054. Determine g(69).
11
Let o(g) = 4*g**2 - 4654*g + 55276. Give o(12).
4
Let a(d) = -d**2 + 134*d - 3993. What is a(89)?
12
Let l(s) = -6637*s + 132737. Determine l(20).
-3
Let p(k) = 11*k**2 - 1191*k + 30947. Calculate p(43).
73
Let i(s) = 2*s**3 - 49*s**2 - 489*s + 22. What is i(-9)?
-1004
Let p(v) = 2136*v + 600893. What is p(-281)?
677
Let t(c) = 587*c - 166705. What is t(284)?
3
Let n(i) = -i**3 - 189*i**2 - 768*i - 5168. Give n(-185).
12
Let t(b) = 6*b**2 - 74*b - 821. Give t(-11).
719
Let x(l) = -1016*l + 4375. Give x(4).
311
Let u(a) = -63770*a - 5930652. Calculate u(-93).
-42
Let i(v) = 11*v**3 - 4*v**2 - 588*v - 2901. Determine i(-5).
-1436
Let b(j) = -j**3 + 2*j**2 + 3183*j - 12677. Calculate b(4).
23
Let c(f) = -4*f**2 - 993*f + 3956. Calculate c(4).
-80
Let n(r) = -68501*r + 204776. Give n(3).
-727
Let l(y) = 46789*y - 139853. What is l(3)?
514
Let m(y) = y**3 - 761*y**2 + 3502*y - 358825. Determine m(757).
-7
Let t(b) = -595*b - 128687. Determine t(-216).
-167
Let n(g) = -28*g**2 + 59553*g - 59554. Determine n(1).
-29
Let q(d) = 7287*d + 131161. Determine q(-18).
-5
Let b(h) = 7858*h**2 + 243591*h - 217. Calculate b(-31).
0
Let r(z) = -4*z**3 - 340*z**2 - 336*z - 2. What is r(-84)?
-2
Let p(y) = 10*y**3 - 464*y**2 + 184*y + 74. Give p(46).
74
Let o(m) = m**3 + 434*m**2 + 2574*m + 4683. Determine o(-428).
2115
Let h(p) = -572*p**3 - 5719*p**2 + 54*p + 390. Give h(-10).
-50
Let b(t) = 7*t**3 + 615*t**2 - 81*t + 610. Give b(-88).
-6
Let j(a) = 5*a**3 - 19*a**2 + 2*a + 331. Give j(-4).
-301
Let z(c) = -10*c**2 - 10*c - 14. Give z(4).
-214
Let g(w) = 4310*w + 21481. Give g(-5).
-69
Let a(x) = 8*x**2 + 175*x - 82. Calculate a(-22).
-60
Let g(z) = 363*z - 3449. Calculate g(10).
181
Let v(c) = c**3 - 170*c**2 - 5091*c + 888938. Calculate v(169).
-2
Let c(m) = -2*m**3 + 10*m**2 + 35*m + 153. Calculate c(8).
49
Let k(u) = -2*u**3 - 300*u**2 + 600*u - 1249. What is k(-152)?
-33
Let h(m) = -38*m + 345. What is h(36)?
-1023
Let k(w) = 10*w**3 - 17*w**2 - 207*w - 639. Determine k(-7).
-3453
Let i(q) = q**2 - 3046*q - 85983. Determine i(-28).
89
Let n(w) = -3*w**2 + 637*w - 33298. Calculate n(93).
-4
Let t(q) = -q**3 + 112*q**2 + 982*q - 935. Give t(-9).
28
Let b(l) = -56*l**2 - 18519*l + 138236. What is b(-338)?
-6
Let w(q) = -2*q**2 - 22*q + 4801. What is w(42)?
349
Let b(v) = -148*v**3 + 2*v**2 + 155*v + 16. What is b(0)?
16
Let u(s) = 111*s**3 - 25086*s**2 + 2*s - 436. Give u(226).
16
Let d(s) = -s**3 + 2*s**2 - 454*s + 91. Give d(0).
91
Let o(p) = -23*p**3 + 75*p**2 + p - 115. Calculate o(2).
3
Let a(s) = -2156*s + 12985. Determine a(6).
49
Let q(l) = l**3 - 9*l**2 - 7143*l + 71328. Give q(10).
-2
Let m(k) = 57*k**2 - 404*k - 2036. Determine m(-5).
1409
Let c(y) = y**3 + 136*y**2 - 705*y + 50. What is c(-141)?
50
Let k(g) = -g**3 + 63*g**2 - 377*g + 2095. Determine k(57).
100
Let s(q) = -25*q**2 + 1165*q - 4947. Give s(42).
-117
Let k(x) = -x**2 - 12*x - 17. What is k(-14)?
-45
Let u(k) = -8*k**3 + 7*k**2 - 214*k - 1040. Determine u(-5).
1205
Let s(l) = -158217*l**2 + 949300*l + 9. Determine s(6).
-3
Let d(y) = 862330*y - 1724637. Give d(2).
23
Let j(d) = -68*d + 12863. Determine j(184).
351
Let f(p) = -p**3 - 172*p**2 - 5462*p - 433. Determine f(-130).
-173
Let f(p) = -p**3 - 6*p**2 - 1713*p - 10281. What is f(-6)?
-3
Let f(g) = -6062*g - 3649320. Determine f(-602).
4
Let w(z) = 81444*z - 488080. Calculate w(6).
584
Let d(c) = -2*c**3 + 47*c**2 - 31*c + 606. Determine d(24).
-714
Let a(r) = -11*r**3 + r**2 + 53*r + 307. Determine a(-5).
1442
Let c(w) = -6*w**2 - 875*w - 14984. Give c(-20).
116
Let q(h) = -h**3 - 93*h**2 - 2144*h + 761. Give q(-48).
-7
Let q(r) = 50155*r + 1003008. Determine q(-20).
-92
Let s(j) = -1490*j + 31117. Determine s(21).
-173
Let s(m) = 13*m**2 + 1661*m + 18067. Give s(-12).
7
Let i(s) = -s**3 + 175*s**2 + 390*s - 6362. Calculate i(177).
10
Let v(a) = -2*a**3 - 284*a**2 + 877*a + 499. Calculate v(-145).
-516
Let s(t) = 682*t - 12683. What is s(21)?
1639
Let u(m) = -687*m - 25214. What is u(-34)?
-1856
Let n(g) = -g**3 + 108*g**2 + 438*g + 832. What is n(112)?
-288
Let k(s) = -2*s**2 + 56809*s + 8623786. Determine k(-151).
25
Let i(f) = -51*f**2 - 1639*f + 7100. Determine i(-36).
8
Let t(v) = -1116*v + 39175. Calculate t(34).
1231
Let y(l) = -2*l**3 - 84*l**2 + 24*l + 468. Calculate y(-42).
-540
Let r(y) = 1827*y + 120541. Determine r(-67).
-1868
Let p(r) = -15796*r - 78067. What is p(-5)?
913
Let s(x) = -x**3 + 46*x**2 - 41*x - 4. What is s(1)?
0
Let y(s) = -58*s**2 + 821*s - 862. Give y(13).
9
Let n(k) = 54029*k + 1080586. Determine n(-20).
6
Let m(f) = -12*f**3 + 1448*f**2 + 488*f - 352. Give m(121).
132
Let k(m) = -1769623*m - 21235449. Calculate k(-12).
27
Let u(c) = 560*c**2 + 41998*c - 173. Calculate u(-75).
-23
Let a(h) = h**3 - 77*h**2 + 133*h + 1292. What is a(75)?
17
Let i(v) = 4*v**3 - 1233*v**2 - 931*v - 258. Give i(309).
-1494
Let s(q) = 3968*q**2 - 3942*q - 19. Determine s(1).
7
Let x(v) = -19816*v - 178342. Give x(-9).
2
Let f(u) = -u**3 + 60*u**2 + 6360*u + 15773. Give f(116).
-3
Let b(k) = 2*k**2 - 1464*k + 236718. Give b(491).
56
Let z(u) = -142*u + 39319. Determine z(277).
-15
Let i(s) = -287421*s + 6610670. Give i(23).
-13
Let a(s) = 3*s**3 - 40*s**2 - 126*s + 5. Calculate a(16).
37
Let x(u) = -2299*u + 1340316. What is x(583)?
-1
Let t(j) = -10672*j + 127612. Determine t(12).
-452
Let l(g) = -8*g**2 + 141*g - 328. What is l(15)?
-13
Let s(o) = o**2 + 470717*o - 4707266. Give s(10).
4
Let r(u) = u**3 - 26*u**2 - 5830*u + 146379. Give r(25).
4
Let y(j) = -j**3 + 29*j**2 + 1686*j - 31798. Give y(50).
2
Let y(r) = -13*r**2 - 700*r - 1890. Give y(-52).
-642
Let c(z) = -18*z**2 + 2010*z - 1265. Determine c(111).
67
Let b(u) = u**3 + 45*u**2 - 191*u - 16683. Determine b(-24).
-3
Let p(j) = -407*j**3 + 2851*j**2 - 754*j + 5183. What is p(7)?
3
Let r(v) = v**3 + 89*v**2 